
What is the remainder when 19712 is divided by 928?
224
Calculate the remainder when 36636 is divided by 240.
156
What is the remainder when 8484 is divided by 4188?
108
What is the remainder when 121147 is divided by 52?
39
Calculate the remainder when 101911 is divided by 227.
215
What is the remainder when 1671 is divided by 23?
15
What is the remainder when 981 is divided by 406?
169
Calculate the remainder when 45652 is divided by 703.
660
What is the remainder when 1312 is divided by 271?
228
Calculate the remainder when 46242 is divided by 413.
399
Calculate the remainder when 14002 is divided by 644.
478
Calculate the remainder when 158124 is divided by 88.
76
What is the remainder when 109231 is divided by 4?
3
Calculate the remainder when 19795 is divided by 1454.
893
Calculate the remainder when 36314 is divided by 1461.
1250
What is the remainder when 12427 is divided by 180?
7
What is the remainder when 11715 is divided by 62?
59
What is the remainder when 86195 is divided by 14?
11
What is the remainder when 554428 is divided by 1959?
31
What is the remainder when 436134 is divided by 123?
99
What is the remainder when 4450 is divided by 2062?
326
What is the remainder when 8903 is divided by 386?
25
What is the remainder when 1202 is divided by 307?
281
What is the remainder when 1425 is divided by 163?
121
What is the remainder when 1212 is divided by 39?
3
Calculate the remainder when 210368 is divided by 3339.
11
What is the remainder when 91557 is divided by 1236?
93
Calculate the remainder when 7910 is divided by 281.
42
Calculate the remainder when 22297 is divided by 769.
765
What is the remainder when 2470 is divided by 33?
28
Calculate the remainder when 191431 is divided by 279.
37
What is the remainder when 2035 is divided by 187?
165
Calculate the remainder when 1256042 is divided by 2785.
7
What is the remainder when 7261 is divided by 855?
421
What is the remainder when 3920 is divided by 1?
0
Calculate the remainder when 54539 is divided by 30.
29
Calculate the remainder when 4021 is divided by 128.
53
Calculate the remainder when 82958 is divided by 13825.
8
What is the remainder when 246742 is divided by 138?
136
What is the remainder when 27496 is divided by 1510?
316
Calculate the remainder when 24765 is divided by 89.
23
What is the remainder when 35084 is divided by 21?
14
Calculate the remainder when 36098 is divided by 192.
2
Calculate the remainder when 140172 is divided by 24.
12
Calculate the remainder when 27656 is divided by 56.
48
What is the remainder when 1491 is divided by 37?
11
What is the remainder when 2852 is divided by 126?
80
What is the remainder when 2617 is divided by 281?
88
What is the remainder when 2994 is divided by 275?
244
What is the remainder when 2735 is divided by 352?
271
Calculate the remainder when 19603 is divided by 76.
71
What is the remainder when 411241 is divided by 279?
274
What is the remainder when 26034 is divided by 31?
25
What is the remainder when 150377 is divided by 467?
3
Calculate the remainder when 14396 is divided by 58.
12
Calculate the remainder when 2653 is divided by 1087.
479
What is the remainder when 15177 is divided by 15?
12
What is the remainder when 5532 is divided by 2321?
890
Calculate the remainder when 54414 is divided by 291.
288
Calculate the remainder when 677 is divided by 216.
29
What is the remainder when 13936 is divided by 20?
16
Calculate the remainder when 768849 is divided by 7.
4
What is the remainder when 65842 is divided by 354?
352
What is the remainder when 14002 is divided by 81?
70
What is the remainder when 5877 is divided by 112?
53
Calculate the remainder when 9879 is divided by 1957.
94
What is the remainder when 3916 is divided by 1296?
28
What is the remainder when 3430 is divided by 344?
334
Calculate the remainder when 26796 is divided by 127.
126
What is the remainder when 3960 is divided by 1311?
27
What is the remainder when 19450 is divided by 88?
2
Calculate the remainder when 35102 is divided by 249.
242
What is the remainder when 2745857 is divided by 130?
127
Calculate the remainder when 3521 is divided by 42.
35
Calculate the remainder when 1091891 is divided by 228.
227
What is the remainder when 1466 is divided by 20?
6
Calculate the remainder when 48066 is divided by 6007.
10
Calculate the remainder when 84115 is divided by 55.
20
Calculate the remainder when 1594 is divided by 538.
518
What is the remainder when 180543 is divided by 8?
7
Calculate the remainder when 7677 is divided by 1275.
27
What is the remainder when 1223577 is divided by 734?
733
Calculate the remainder when 15802 is divided by 29.
26
Calculate the remainder when 114496 is divided by 711.
25
Calculate the remainder when 162720 is divided by 76.
4
Calculate the remainder when 17366 is divided by 316.
302
Calculate the remainder when 773 is divided by 689.
84
Calculate the remainder when 1070 is divided by 82.
4
Calculate the remainder when 106170 is divided by 577.
2
What is the remainder when 60942 is divided by 239?
236
What is the remainder when 76944 is divided by 5?
4
What is the remainder when 10314 is divided by 34?
12
Calculate the remainder when 1335 is divided by 8.
7
Calculate the remainder when 15713 is divided by 94.
15
What is the remainder when 19797 is divided by 55?
52
Calculate the remainder when 258 is divided by 32.
2
What is the remainder when 25646 is divided by 54?
50
What is the remainder when 141235 is divided by 141208?
27
What is the remainder when 39213 is divided by 81?
9
Calculate the remainder when 92059 is divided by 159.
157
Calculate the remainder when 18708 is divided by 2483.
1327
Calculate the remainder when 34663 is divided by 2475.
13
What is the remainder when 372940 is divided by 12?
4
Calculate the remainder when 39911 is divided by 3322.
47
What is the remainder when 3648 is divided by 1215?
3
What is the remainder when 32837 is divided by 1735?
1607
What is the remainder when 321353 is divided by 10041?
41
What is the remainder when 648414 is divided by 21?
18
What is the remainder when 179386 is divided by 33?
31
What is the remainder when 8458268 is divided by 5?
3
Calculate the remainder when 9714 is divided by 2418.
42
What is the remainder when 1102484 is divided by 11?
9
What is the remainder when 14899 is divided by 79?
47
Calculate the remainder when 2123454 is divided by 32.
30
Calculate the remainder when 183 is divided by 53.
24
What is the remainder when 1491 is divided by 57?
9
What is the remainder when 30895 is divided by 39?
7
What is the remainder when 6915 is divided by 127?
57
What is the remainder when 17157 is divided by 26?
23
Calculate the remainder when 66574 is divided by 449.
122
What is the remainder when 160538 is divided by 695?
688
Calculate the remainder when 9923 is divided by 661.
8
What is the remainder when 128401 is divided by 188?
185
Calculate the remainder when 29556 is divided by 9832.
60
Calculate the remainder when 1057 is divided by 46.
45
Calculate the remainder when 296370 is divided by 2352.
18
Calculate the remainder when 603 is divided by 43.
1
What is the remainder when 634 is divided by 596?
38
What is the remainder when 4398 is divided by 233?
204
What is the remainder when 90373 is divided by 79?
76
Calculate the remainder when 1081 is divided by 229.
165
Calculate the remainder when 3364 is divided by 253.
75
What is the remainder when 16979 is divided by 105?
74
Calculate the remainder when 20281 is divided by 138.
133
What is the remainder when 2631 is divided by 240?
231
Calculate the remainder when 107875 is divided by 88.
75
What is the remainder when 6555 is divided by 1500?
555
Calculate the remainder when 2694 is divided by 86.
28
Calculate the remainder when 2966 is divided by 985.
11
Calculate the remainder when 4488 is divided by 867.
153
What is the remainder when 345024 is divided by 373?
372
What is the remainder when 16691 is divided by 407?
4
What is the remainder when 2589 is divided by 349?
146
Calculate the remainder when 4237 is divided by 94.
7
What is the remainder when 910 is divided by 180?
10
Calculate the remainder when 302259 is divided by 310.
9
What is the remainder when 27250 is divided by 3892?
6
Calc